?
-112
In base 15, what is -5 - e?
-14
In base 16, what is -3c + -7d?
-b9
In base 11, what is 3 + 45?
48
In base 12, what is -3 + 1?
-2
In base 13, what is -107 + -2a?
-134
In base 7, what is 54661 - -1?
54662
In base 7, what is 2 - 6534?
-6532
In base 11, what is -1 + -55?
-56
In base 9, what is 4 + 1337?
1342
In base 3, what is 20021 - 12?
20002
In base 3, what is -100101 - 10?
-100111
In base 10, what is -1715 + 4?
-1711
In base 13, what is -148 - 3?
-14b
In base 11, what is 0 + 58?
58
In base 2, what is 110000101010111 + 101?
110000101011100
In base 10, what is 2 + 322?
324
In base 3, what is 100000 - -10100?
110100
In base 12, what is 682 - 3?
67b
In base 2, what is 101 - 1110111?
-1110010
In base 7, what is -5532 - 2?
-5534
In base 14, what is 3 + 3a7?
3aa
In base 13, what is 2 - 60?
-5b
In base 5, what is 4 + -1012?
-1003
In base 12, what is -15 - 20?
-35
In base 6, what is -305 - 0?
-305
In base 4, what is -2221 - 12?
-2233
In base 16, what is 4d + -6?
47
In base 5, what is -2241 - -122?
-2114
In base 3, what is 110010 + -2001?
101002
In base 3, what is 2000 - 2111?
-111
In base 11, what is 13442 - 4?
13439
In base 4, what is -13 + 1110?
1031
In base 13, what is -174 + -1c?
-193
In base 15, what is -3 + -79?
-7c
In base 15, what is 739 - -b?
745
In base 4, what is 32 - -320?
1012
In base 4, what is 31 + -131?
-100
In base 14, what is -15 - -5?
-10
In base 12, what is -839 - -5?
-834
In base 15, what is -22 + -27a?
-29c
In base 2, what is -101 + -100001000?
-100001101
In base 7, what is -2 - 3121?
-3123
In base 12, what is 120 - b?
111
In base 5, what is 12 + 4?
21
In base 7, what is -54541 + 0?
-54541
In base 11, what is -3 + -22a?
-232
In base 2, what is -101100110 + 100?
-101100010
In base 4, what is 0 + 222?
222
In base 6, what is 54 + -130?
-32
In base 4, what is -2320 + 0?
-2320
In base 6, what is -2 - 234?
-240
In base 9, what is -3 + -740?
-743
In base 7, what is 3 - -3415?
3421
In base 5, what is 32 - -22402?
22434
In base 3, what is -1020210 - -1?
-1020202
In base 15, what is b50 + 5?
b55
In base 9, what is 175 - 5?
170
In base 10, what is -1 - -1033?
1032
In base 15, what is 54c6 + 5?
54cb
In base 13, what is c - 13?
-4
In base 9, what is -1 - -4702?
4701
In base 7, what is 15326 + 0?
15326
In base 15, what is -23 + 4?
-1e
In base 11, what is -1 + 10?
a
In base 9, what is 13817 - -2?
13820
In base 4, what is 12 + -20123?
-20111
In base 13, what is -2a1a + 1?
-2a19
In base 15, what is -25 - -17?
-d
In base 16, what is -111 - -1?
-110
In base 12, what is 3 - 1a?
-17
In base 7, what is 545 - 31?
514
In base 16, what is 112 - -b?
11d
In base 13, what is -5 + -21?
-26
In base 5, what is 2 - 142?
-140
In base 6, what is 3 - -332?
335
In base 11, what is 8 - -2?
a
In base 9, what is 10 + 2?
12
In base 9, what is 3 - 713?
-710
In base 10, what is -5 + -68?
-73
In base 4, what is 1 - 330?
-323
In base 2, what is 1001 - -110?
1111
In base 11, what is -8 + -299?
-2a6
In base 14, what is c4 + 1?
c5
In base 5, what is -234 - -110?
-124
In base 2, what is 1000 + 1101?
10101
In base 10, what is 46 + -61?
-15
In base 10, what is 183 - 69?
114
In base 2, what is -10 - 100011?
-100101
In base 7, what is 5 - 14321?
-14313
In base 5, what is -22344 - 1?
-22400
In base 15, what is -a29 - 1?
-a2a
In base 6, what is -2 - 5233?
-5235
In base 9, what is -14 + -67?
-82
In base 8, what is 266 + 42?
330
In base 7, what is -4 - -153?
146
In base 8, what is 3 + 231?
234
In base 7, what is 52 + 1164?
1246
In base 11, what is 84 + 72?
146
In base 14, what is 3 + 267?
26a
In base 14, what is -5 + -74?
-79
In base 6, what is 423 + 142?
1005
In base 12, what is 4 - 21?
-19
In base 4, what is 2032 - -10?
2102
In base 7, what is 5 - -202?
210
In base 14, what is -4 + b4?
b0
In base 9, what is -8 + -3?
-12
In base 12, what is 86 - 8?
7a
In base 5, what is -4 + 1130?
1121
In base 3, what is -11 - -102120?
102102
In base 11, what is 25a + -4?
256
In base 2, what is 1 - -11010010?
11010011
In base 16, what is 3ca + 2?
3cc
In base 4, what is -203 + 131?
-12
In base 15, what is 19 - -1d?
37
In base 7, what is 2161 - 2?
2156
In base 10, what is 78 - 47?
31
In base 8, what is -35 + -141?
-176
In base 5, what is 10 + 43114?
43124
In base 16, what is 6 - -19?
1f
In base 16, what is -75 - -4?
-71
In base 6, what is -202034 + 0?
-202034
In base 15, what is 8b + -4?
87
In base 6, what is -132451 + 3?
-132444
In base 12, what is -5 + 224?
21b
In base 4, what is -11 - 10301?
-10312
In base 14, what is -1 - 6a?
-6b
In base 9, what is -4483 + -2?
-4485
In base 5, what is 1 - 130?
-124
In base 4, what is -13 - -1002?
323
In base 2, what is 1 + -11011?
-11010
In base 3, what is 0 + -1120122?
-1120122
In base 2, what is -100 + -111111101?
-1000000001
In base 13, what is 27 - -1?
28
In base 5, what is 4 + -2322?
-2313
In base 10, what is 1 + 1149?
1150
In base 10, what is 4 + -6?
-2
In base 14, what is 180 - 3?
17b
In base 10, what is 4 - 147?
-143
In base 14, what is -3d - 2?
-41
In base 8, what is -4040 + -5?
-4045
In base 5, what is 2 - -41241?
41243
In base 10, what is -7 - -1077?
1070
In base 5, what is 4 - 133?
-124
In base 13, what is 2 + -a9?
-a7
In base 10, what is 3 - -344?
347
In base 15, what is -7d - 11?
-8e
In base 3, what is 112201 - 101?
112100
In base 2, what is -10001 - 111000?
-1001001
In base 8, what is 1105 - 4?
1101
In base 16, what is 2 - -630?
632
In base 13, what is -5 + -94?
-99
In base 15, what is -6673 - 1?
-6674
In base 16, what is 10fd + -2?
10fb
In base 11, what is 67a7 + 2?
67a9
In base 15, what is -1 + 6c5?
6c4
In base 10, what is 494 + 5?
499
In base 3, what is -20 - 1120?
-1210
In base 14, what is 4 - -55?
59
In base 14, what is 1293 - 5?
128c
In base 5, what is 412 - -113?
1030
In base 11, what is -1 + -52?
-53
In base 5, what is 3 + -3?
0
In base 4, what is -3201 + 11?
-3130
In base 10, what is -2 + 3593?
3591
In base 13, what is 67 + 33?
9a
In base 9, what is -17388 - 4?
-17403
In base 13, what is 5 + -2a?
-25
In base 15, what is 3e15 - -4?
3e19
In base 6, what is 1 - 1034?
-1033
In base 16, what is f15 - -2?
f17
In base 10, what is 5 - 24?
-19
In base 16, what is a - -d1?
db
In base 5, what is -4440 + 3?
-4432
In base 12, what is 5 + 189?
192
In base 9, what is 1057 - 8?
1048
In base 14, what is -17 - 6?
-1d
In base 11, what is 7 - -13?
1a
In base 2, what is -110000 + 111?
-101001
In base 7, what is 330 - 63?
234
In base 3, what is 111110 + 21?
111201
In base 14, what is 5 - 70c?
-707
In base 4, what is 11 - 1331?
-1320
In base 6, what is -2123 + -2?
-2125
In base 3, what is 11 - 22201?
-22120
In base 8, what is 67747 - -4?
67753
In base 11, what is -47a - 0?
-47a
In base 9, what is 627 + -5?
622
In base 10, what is -6706 + 3?
-6703
In base 4, what is 100 - 200?
-100
In base 10, what is -6234 + 3?
-6231
In base 8, what is 3 - -32?
35
In base 11, what is -9 - 9?
-17
In base 3, what is 2121100 - 12?
2121011
In base 16, what is 4 + -13e?
-13a
In base 16, what is 901 - 0?
901
In base 7, what is -4 - 6426?
-6433
In base 12, what is 13 - -56?
69
In base 4, what is -2 + 33?
31
In base 12, what is 7b - 2?
79
In base 4, what is -110 + -2133?
-2303
In base 12, what is -5 - 3?
-8
In base 10, what is -4 + 3?
-1
In base 11, what is 9 + 8a?
98
In base 13, what is 107 + -1?
106
In base 2, what is -1001 + 10000?
111
In base 5, what is -3201 + 10?
-3141
In base 9, what is 0 - 4?
-4
In base 4, what is -2033 + 0?
-2033
In base 16, what is 5 + -6?
-1
In base 3, what is -220 - -222?
2
In base 10, what is 185 + -2?
183
In base 8, what is -15364 - -3?
-15361
In base 10, what is -1 + 216?
215
In base 11, what is -765 - 5?
-76a
In base 13, what is -2a + -28?
-55
In base 13, what is 1a - 51?
-34
In base 9, what is -118 + 0?
-118
In base 2, what is -101011000 - -1?
-101010111
In base 6, what is -25 + -123?
-152
In base 14, what is -9 - -15?
a
In base 2, what is -1101000101101 + 1?
-1101000101100
In base 10, what is -9 + -916?
-925
In base 11, what is 274 - -5?
279
In base 11, what is -a6 + -60?
-156
In base 5, what is 10 + -2420?
-2410
In base 3, what is 21111 + -100?
21011
In base 9, what is 80 + -8?
71
In base 12, what is 1202b - 2?
12029
In base 5, what is -321 + -2?
-323
In base 12, what is 458 - 2?
456
In base 15, what is -18 + 120?
107
In base 7, what is 51 + 